{"id":22,"date":"2021-03-23T14:10:13","date_gmt":"2021-03-23T17:10:13","guid":{"rendered":"https:\/\/www.saolivetti.com.br\/loja\/?page_id=22"},"modified":"2021-06-15T15:29:00","modified_gmt":"2021-06-15T18:29:00","slug":"trocas-e-devolucoes","status":"publish","type":"page","link":"https:\/\/www.saolivetti.com.br\/loja\/trocas-e-devolucoes\/","title":{"rendered":"Trocas e Devolu\u00e7\u00f5es"},"content":{"rendered":"\n<p>Voc\u00ea pode devolver ou trocar seu produto num prazo de 7 dias ap\u00f3s o recebimento dele. Para fazer a troca, mande um email para contato@saolivetti.com.br com seu nome, email e n\u00famero do pedido para iniciarmos o processo de devolu\u00e7\u00e3o.<\/p>\n","protected":false},"excerpt":{"rendered":"<p>Voc\u00ea pode devolver ou trocar seu produto num prazo de 7 dias ap\u00f3s o recebimento dele. Para fazer a troca, mande um email para contato@saolivetti.com.br com seu nome, email e n\u00famero do pedido para iniciarmos o processo de devolu\u00e7\u00e3o.<\/p>\n","protected":false},"author":1,"featured_media":31,"parent":0,"menu_order":0,"comment_status":"closed","ping_status":"closed","template":"","meta":{"footnotes":""},"class_list":["post-22","page","type-page","status-publish","has-post-thumbnail","hentry"],"_links":{"self":[{"href":"https:\/\/www.saolivetti.com.br\/loja\/wp-json\/wp\/v2\/pages\/22","targetHints":{"allow":["GET"]}}],"collection":[{"href":"https:\/\/www.saolivetti.com.br\/loja\/wp-json\/wp\/v2\/pages"}],"about":[{"href":"https:\/\/www.saolivetti.com.br\/loja\/wp-json\/wp\/v2\/types\/page"}],"author":[{"embeddable":true,"href":"https:\/\/www.saolivetti.com.br\/loja\/wp-json\/wp\/v2\/users\/1"}],"replies":[{"embeddable":true,"href":"https:\/\/www.saolivetti.com.br\/loja\/wp-json\/wp\/v2\/comments?post=22"}],"version-history":[{"count":2,"href":"https:\/\/www.saolivetti.com.br\/loja\/wp-json\/wp\/v2\/pages\/22\/revisions"}],"predecessor-version":[{"id":68,"href":"https:\/\/www.saolivetti.com.br\/loja\/wp-json\/wp\/v2\/pages\/22\/revisions\/68"}],"wp:featuredmedia":[{"embeddable":true,"href":"https:\/\/www.saolivetti.com.br\/loja\/wp-json\/wp\/v2\/media\/31"}],"wp:attachment":[{"href":"https:\/\/www.saolivetti.com.br\/loja\/wp-json\/wp\/v2\/media?parent=22"}],"curies":[{"name":"wp","href":"https:\/\/api.w.org\/{rel}","templated":true}]}}