{"id":2,"date":"2021-03-23T13:51:31","date_gmt":"2021-03-23T16:51:31","guid":{"rendered":"https:\/\/www.saolivetti.com.br\/loja\/?page_id=2"},"modified":"2021-06-15T15:44:27","modified_gmt":"2021-06-15T18:44:27","slug":"sobre","status":"publish","type":"page","link":"https:\/\/www.saolivetti.com.br\/loja\/sobre\/","title":{"rendered":"Sobre"},"content":{"rendered":"\n<p>Ol\u00e1, essa \u00e9 a loja da Sabrina do <a rel=\"noreferrer noopener\" href=\"https:\/\/www.instagram.com\/meuapartamentinho\/\" target=\"_blank\">@MeuApartamentinho<\/a>! No momento ela tem um \u00fanico produto, mas a ideia \u00e9 trazer itens que tenham a cara do apartamentinho para c\u00e1. Ao longo do tempo, penso em criar toda uma linha de produtos Meu Apartamentinho para que voc\u00ea tamb\u00e9m possa ter essas lindezas em casa.<\/p>\n\n\n\n<p>Lembro que essa \u00e9 minha primeira experi\u00eancia com uma loja online e quem faz a separa\u00e7\u00e3o, embalagem e o envio dos itens s\u00e3o meus pais. Ent\u00e3o, tenha paci\u00eancia com a gente!<\/p>\n\n\n\n<p>O Meu Apartamentinho surgiu no Instagram como uma forma de compartilhar tudo que eu estava vivendo com a reforma do meu apartamento rec\u00e9m comprado. Foram dias de muito stress e decis\u00f5es dif\u00edceis, mas no final das contas, minha casa ficou com minha cara. Depois de 3 anos, o Meu Apartamentinho cresceu e virou blog, YouTube e at\u00e9 uma mini loja. Obrigada por estar comigo nessa jornada!<\/p>\n\n\n\n<p><strong>Curitibanas!<\/strong><br>Para quem for de Curitiba, \u00e9 poss\u00edvel comprar pelo\u00a0<a rel=\"noreferrer noopener\" href=\"https:\/\/saolivetti.us1.list-manage.com\/track\/click?u=62e60d711d2b211e9d1cc882a&amp;id=c114070396&amp;e=84b04a1e79\" target=\"_blank\">Goomer<\/a>\u00a0do @emporioolivetti e combinar por l\u00e1 o valor da entrega por motoboy. <\/p>\n\n\n\n<p><strong>Quem sou eu<\/strong> &#8211;<strong> Sabrina Olivetti<\/strong><\/p>\n\n\n\n<p>Depois de 10 anos juntando dinheiro, consegui comprar meu apartamento. Nas redes sociais, mostro o estilo de vida indoor, de uma mulher solteira morando sozinha com seu cachorrinho. Tanto <a rel=\"noreferrer noopener\" href=\"https:\/\/www.saolivetti.com.br\/blog\/\" target=\"_blank\">no site<\/a> como no<a rel=\"noreferrer noopener\" href=\"https:\/\/www.instagram.com\/meuapartamentinho\/\" target=\"_blank\"> meu Instagram<\/a>, voc\u00ea encontra dicas de decora\u00e7\u00e3o, projetos para fazer sozinha e at\u00e9 dicas de como usar ferramentas sem precisar da ajuda de ningu\u00e9m. Ainda tem bons drinks, receitinhas e dicas pr\u00e1ticas de como construir um lar acolhedor.<\/p>\n","protected":false},"excerpt":{"rendered":"<p>Ol\u00e1, essa \u00e9 a loja da Sabrina do @MeuApartamentinho! No momento ela tem um \u00fanico produto, mas a ideia \u00e9 trazer itens que tenham a cara do apartamentinho para c\u00e1. Ao longo do tempo, penso em criar toda uma linha de produtos Meu Apartamentinho para que voc\u00ea tamb\u00e9m possa ter essas lindezas em casa. Lembro [&hellip;]<\/p>\n","protected":false},"author":1,"featured_media":30,"parent":0,"menu_order":0,"comment_status":"closed","ping_status":"closed","template":"","meta":{"footnotes":""},"class_list":["post-2","page","type-page","status-publish","has-post-thumbnail","hentry"],"_links":{"self":[{"href":"https:\/\/www.saolivetti.com.br\/loja\/wp-json\/wp\/v2\/pages\/2","targetHints":{"allow":["GET"]}}],"collection":[{"href":"https:\/\/www.saolivetti.com.br\/loja\/wp-json\/wp\/v2\/pages"}],"about":[{"href":"https:\/\/www.saolivetti.com.br\/loja\/wp-json\/wp\/v2\/types\/page"}],"author":[{"embeddable":true,"href":"https:\/\/www.saolivetti.com.br\/loja\/wp-json\/wp\/v2\/users\/1"}],"replies":[{"embeddable":true,"href":"https:\/\/www.saolivetti.com.br\/loja\/wp-json\/wp\/v2\/comments?post=2"}],"version-history":[{"count":5,"href":"https:\/\/www.saolivetti.com.br\/loja\/wp-json\/wp\/v2\/pages\/2\/revisions"}],"predecessor-version":[{"id":74,"href":"https:\/\/www.saolivetti.com.br\/loja\/wp-json\/wp\/v2\/pages\/2\/revisions\/74"}],"wp:featuredmedia":[{"embeddable":true,"href":"https:\/\/www.saolivetti.com.br\/loja\/wp-json\/wp\/v2\/media\/30"}],"wp:attachment":[{"href":"https:\/\/www.saolivetti.com.br\/loja\/wp-json\/wp\/v2\/media?parent=2"}],"curies":[{"name":"wp","href":"https:\/\/api.w.org\/{rel}","templated":true}]}}

<p>Olá, essa é a loja da Sabrina do <a rel="noreferrer noopener" href="https://www.instagram.com/meuapartamentinho/" target="_blank">@MeuApartamentinho</a>! No momento ela tem um único produto, mas a ideia é trazer itens que tenham a cara do apartamentinho para cá. Ao longo do tempo, penso em criar toda uma linha de produtos Meu Apartamentinho para que você também possa ter essas lindezas em casa.</p>



<p>Lembro que essa é minha primeira experiência com uma loja online e quem faz a separação, embalagem e o envio dos itens são meus pais. Então, tenha paciência com a gente!</p>



<p>O Meu Apartamentinho surgiu no Instagram como uma forma de compartilhar tudo que eu estava vivendo com a reforma do meu apartamento recém comprado. Foram dias de muito stress e decisões difíceis, mas no final das contas, minha casa ficou com minha cara. Depois de 3 anos, o Meu Apartamentinho cresceu e virou blog, YouTube e até uma mini loja. Obrigada por estar comigo nessa jornada!</p>



<p><strong>Curitibanas!</strong><br>Para quem for de Curitiba, é possível comprar pelo <a rel="noreferrer noopener" href="https://saolivetti.us1.list-manage.com/track/click?u=62e60d711d2b211e9d1cc882a&amp;id=c114070396&amp;e=84b04a1e79" target="_blank">Goomer</a> do @emporioolivetti e combinar por lá o valor da entrega por motoboy. </p>



<p><strong>Quem sou eu</strong> &#8211;<strong> Sabrina Olivetti</strong></p>



<p>Depois de 10 anos juntando dinheiro, consegui comprar meu apartamento. Nas redes sociais, mostro o estilo de vida indoor, de uma mulher solteira morando sozinha com seu cachorrinho. Tanto <a rel="noreferrer noopener" href="https://www.saolivetti.com.br/blog/" target="_blank">no site</a> como no<a rel="noreferrer noopener" href="https://www.instagram.com/meuapartamentinho/" target="_blank"> meu Instagram</a>, você encontra dicas de decoração, projetos para fazer sozinha e até dicas de como usar ferramentas sem precisar da ajuda de ninguém. Ainda tem bons drinks, receitinhas e dicas práticas de como construir um lar acolhedor.</p>

<p>Olá, essa é a loja da Sabrina do @MeuApartamentinho! No momento ela tem um único produto, mas a ideia é trazer itens que tenham a cara do apartamentinho para cá. Ao longo do tempo, penso em criar toda uma linha de produtos Meu Apartamentinho para que você também possa ter essas lindezas em casa. Lembro [&hellip;]</p>
