{"id":19,"date":"2021-03-23T14:09:24","date_gmt":"2021-03-23T17:09:24","guid":{"rendered":"https:\/\/www.saolivetti.com.br\/loja\/?page_id=19"},"modified":"2021-06-15T15:25:00","modified_gmt":"2021-06-15T18:25:00","slug":"envio-e-prazo-de-entrega","status":"publish","type":"page","link":"https:\/\/www.saolivetti.com.br\/loja\/envio-e-prazo-de-entrega\/","title":{"rendered":"Envio e Prazo de Entrega"},"content":{"rendered":"\n<p>Todos os nossos pedidos s\u00e3o embalados com todo o carinho e chegam at\u00e9 voc\u00ea atrav\u00e9s dos Correios ou de distribuidora selecionada no momento da compra. Todos os nossos produtos s\u00e3o conferidos cuidadosamente antes de serem enviados.<\/p>\n\n\n\n<p><strong>Nosso prazo de postagem \u00e9 de at\u00e9 5 dias \u00fateis \u00e0 partir da aprova\u00e7\u00e3o do pagamento. <\/strong><\/p>\n\n\n\n<p>As entregas s\u00e3o feitas via Correios ou distribuidora. O prazo varia de acordo com cada regi\u00e3o e poder\u00e1 ser estendido caso haja algum desastre natural nas regi\u00f5es do remetente ou destinat\u00e1rio ou ainda quando h\u00e1 greve dos Correios.<br><br>Estas s\u00e3o as estimativas padr\u00e3o fornecidas pelos Correios, mas na hora de fechar seu pedido voc\u00ea pode verificar uma estimativa um pouco mais exata. Lembrando que \u00e9 apenas uma <strong>estimativa\u00a0<\/strong>e, <strong>apesar de raros<\/strong>, podem haver atrasos por parte dos Correios.<\/p>\n\n\n\n<p>Para mais informa\u00e7\u00f5es sobre os prazos, acesse:\u00a0<a rel=\"noreferrer noopener\" href=\"http:\/\/www.correios.com.br\/\" target=\"_blank\">www.correios.com.br<\/a><br>Alguns CEPs possuem restri\u00e7\u00e3o de entrega por serem considerados, pelos Correios, \u00e1reas de risco ou de dif\u00edcil acesso. Nesse caso, h\u00e1 um aumento no prazo de entrega e, algumas vezes, o pacote pode ser encaminhado para a ag\u00eancia dos Correios mais perto do CEP do destinat\u00e1rio para ser retirado l\u00e1.<\/p>\n\n\n\n<p>Os Correios far\u00e3o 3 tentativas de entrega. Caso n\u00e3o encontrem ningu\u00e9m para receber a encomenda, ela ser\u00e1 devolvida. Enviaremos novamente mediante o pagamento de novo frete.<\/p>\n","protected":false},"excerpt":{"rendered":"<p>Todos os nossos pedidos s\u00e3o embalados com todo o carinho e chegam at\u00e9 voc\u00ea atrav\u00e9s dos Correios ou de distribuidora selecionada no momento da compra. Todos os nossos produtos s\u00e3o conferidos cuidadosamente antes de serem enviados. Nosso prazo de postagem \u00e9 de at\u00e9 5 dias \u00fateis \u00e0 partir da aprova\u00e7\u00e3o do pagamento. As entregas s\u00e3o [&hellip;]<\/p>\n","protected":false},"author":1,"featured_media":29,"parent":0,"menu_order":0,"comment_status":"closed","ping_status":"closed","template":"","meta":{"footnotes":""},"class_list":["post-19","page","type-page","status-publish","has-post-thumbnail","hentry"],"_links":{"self":[{"href":"https:\/\/www.saolivetti.com.br\/loja\/wp-json\/wp\/v2\/pages\/19","targetHints":{"allow":["GET"]}}],"collection":[{"href":"https:\/\/www.saolivetti.com.br\/loja\/wp-json\/wp\/v2\/pages"}],"about":[{"href":"https:\/\/www.saolivetti.com.br\/loja\/wp-json\/wp\/v2\/types\/page"}],"author":[{"embeddable":true,"href":"https:\/\/www.saolivetti.com.br\/loja\/wp-json\/wp\/v2\/users\/1"}],"replies":[{"embeddable":true,"href":"https:\/\/www.saolivetti.com.br\/loja\/wp-json\/wp\/v2\/comments?post=19"}],"version-history":[{"count":4,"href":"https:\/\/www.saolivetti.com.br\/loja\/wp-json\/wp\/v2\/pages\/19\/revisions"}],"predecessor-version":[{"id":66,"href":"https:\/\/www.saolivetti.com.br\/loja\/wp-json\/wp\/v2\/pages\/19\/revisions\/66"}],"wp:featuredmedia":[{"embeddable":true,"href":"https:\/\/www.saolivetti.com.br\/loja\/wp-json\/wp\/v2\/media\/29"}],"wp:attachment":[{"href":"https:\/\/www.saolivetti.com.br\/loja\/wp-json\/wp\/v2\/media?parent=19"}],"curies":[{"name":"wp","href":"https:\/\/api.w.org\/{rel}","templated":true}]}}